 q - 0, q + 2*j = 28. What are the prime factors of q?
2, 3
Suppose 2*q + 42 = -2*z, -3*q = -4*z + 116 - 46. List the prime factors of q*(-1)/(-3)*-12.
2, 11
Suppose 2*x = 4 + 10. Suppose 4*z - 217 = -5*y, 3*z - 1 + x = 0. What are the prime factors of y?
3, 5
Let q = -123 - -172. Let z = q - 16. What are the prime factors of z?
3, 11
Let g = 890 - 587. List the prime factors of g.
3, 101
Let n(d) = 10*d - 127. List the prime factors of n(14).
13
Let i(k) = -k**2 + 11*k - 21. Let y be i(9). Let m(g) = -g - 1. Let u(x) = -x**2 - 3*x - 3. Let d(r) = 5*m(r) - u(r). List the prime factors of d(y).
13
Let r = 3459 - 2056. What are the prime factors of r?
23, 61
Let u(a) = 2*a**3 - 4*a**2 + 24*a + 51. List the prime factors of u(12).
3, 29, 37
Let t(j) = 34*j**2 - 18*j + 36. What are the prime factors of t(5)?
2, 199
Suppose -16 = -6*y + 2*y. Suppose 4*t = 3*t + y. What are the prime factors of t?
2
Let v(q) = q**2 + 10*q + 5. Let o be v(-11). Let g = o + 11. List the prime factors of g.
3
Let w(k) = k**3 + 5*k**2 + 4*k + 3. Let u(x) = -3*x**2 - 1. Let j be u(-1). Let i be w(j). Suppose 4*a - 34 = i*a. What are the prime factors of a?
2, 17
Suppose 0*v - v + 65 = 0. Let x = -46 + v. List the prime factors of x.
19
Let l(s) = -6*s - 7. Let v be l(-2). Suppose -7*i = -19 + v. Let q = 10 - i. What are the prime factors of q?
2
Let x be (0/(-4))/(3/(-1)). Suppose 3*f - 15 = -x*f. Suppose f*p = 55 + 70. List the prime factors of p.
5
Let w = 1 + 2. Suppose a = w*a + 192. What are the prime factors of ((-1)/(-3))/((-8)/a)?
2
Let a(x) = -5*x + 30. Let s be a(-9). Suppose 4*l = -4*r + 132, 3*l + s = 2*r + r. List the prime factors of r.
29
Let x be ((-36)/(-14))/((-15)/(-70)). Suppose 7*c = 4*c + x. Suppose -5*z + y = c*y - 36, 3*y = -4*z + 27. List the prime factors of z.
3
Suppose 7*j = 938 + 3220. What are the prime factors of j?
2, 3, 11
Let t = 3904 + -2186. List the prime factors of t.
2, 859
Suppose -8772 = -28*p + 16*p. List the prime factors of p.
17, 43
Let p = 257 - 150. What are the prime factors of p?
107
Let n be (3 + -1)/(8/36). Suppose k - n = 4*k. What are the prime factors of k - (-4)/(16/68)?
2, 7
Let w = 32 - 30. Suppose -w*i - 4*s = s - 51, -5*i - 3*s + 99 = 0. What are the prime factors of i?
2, 3
Suppose -y + q + 6 - 1 = 0, 0 = 4*q. Suppose 0 = f + t - 0*t, -4*f = 3*t - y. Suppose 2*l - 45 = -3*l - f*r, 4*r = -20. What are the prime factors of l?
2, 7
Suppose 0 = -4*f + 157 + 3. Let b = 73 - f. What are the prime factors of b?
3, 11
List the prime factors of -4*3/42 - 18650/(-7).
2, 3, 37
Let i(a) = 2*a**3 + 3*a**2 + 9. Suppose 2*u + 8 = -0*u. Let n be i(u). Let s = -26 - n. List the prime factors of s.
3, 5
Let h(n) = -185*n + 7. List the prime factors of h(-1).
2, 3
What are the prime factors of (-6 + -3847)/(-1 - 0)?
3853
Let m(b) = -b**2 - 4*b + 5. Let v be m(-4). Suppose -4*l = o - 34, -3*o - 62 = -5*o - v*l. List the prime factors of o.
2, 13
Suppose 2*d + 0*d - 8 = 0. What are the prime factors of (7 - 1)/(d/108) - 4?
2, 79
Let w(a) = a + 3. Let f be w(6). Let s(c) = -2*c**2 + 13*c - 4. Let z be s(f). Let y = z + 72. What are the prime factors of y?
23
List the prime factors of 60/150*(1 + -6) + 191.
3, 7
Suppose 3*w - 2*s - 196 = 310, 25 = 5*s. List the prime factors of w.
2, 43
Suppose -5*y = 5*s - 30, 3*s - 4 = y - s. Suppose -p = 2*p - y*k - 385, p + 2*k - 125 = 0. What are the prime factors of p?
127
Suppose 45 = -5*r + 2*g - 7*g, -4*g - 45 = 5*r. List the prime factors of (-2)/r - (-2256)/54.
2, 3, 7
Suppose -15 + 17 = n. Suppose -2*y = u - 34 - 31, 5*u - n*y = 301. List the prime factors of u.
61
Let u = 50 - -27. What are the prime factors of u?
7, 11
Let w(g) = -g + 8. Let y be w(5). Let v be (-20)/(-25) - (-286)/5. Let d = v - y. List the prime factors of d.
5, 11
Let y(d) = -3*d + 15. Let x be y(4). Let w(g) = 26*g. What are the prime factors of w(x)?
2, 3, 13
Suppose 3*q - 3 = -9. What are the prime factors of ((-20)/(-8))/(3*q/(-60))?
5
Let c be 1*(-1 + 328/4). Suppose -m + 0*m + c = 0. Suppose -q = -4*q + m. List the prime factors of q.
3
Let m(d) = -d**3 + 41*d**2 + 25*d - 151. List the prime factors of m(41).
2, 19, 23
Suppose -2*p = -5*p + 15, 0 = 2*k - 3*p + 5. Suppose j = -3*n + 156, -2*n = 2*j - k*n - 303. What are the prime factors of j?
3, 17
Let z(b) = -2*b**3 - 6*b**2 + 5*b + 2. Let h be z(-5). Suppose 5*i + h - 322 = 0. List the prime factors of i.
7
Let g(o) = o**2 + o - 56. What are the prime factors of g(26)?
2, 17, 19
Suppose 32*s - 5250 = 17*s. List the prime factors of s.
2, 5, 7
Let f be (8/(-16))/(3/12). List the prime factors of (-2 - 2 - (f + -1)) + 80.
79
Suppose 5*b + 4*q = 358, 4*b - 287 = 3*q - 6*q. Suppose b + 20 = g. Suppose -2*x + 3*v - 5*v + 36 = 0, g = 5*x + 3*v. List the prime factors of x.
2, 5
Let o(r) = 3*r - 3. Let j be o(3). Let d be (j + -11)*296/10. What are the prime factors of (1/4)/((-1)/d)?
37
Suppose -87 = 6*q - 2697. List the prime factors of q.
3, 5, 29
Let m be ((-6)/(-4))/((-9)/(-6)). List the prime factors of 23 - (0 + m)/((-6)/(-12)).
3, 7
Let b(o) = -82 + 162 - 21*o**3 - 78 + o. List the prime factors of b(-1).
2, 11
Let a = 1076 + -277. What are the prime factors of a?
17, 47
Let u be 1 + -1 + 4 - 4. Suppose -4*c - 2*c + 108 = u. List the prime factors of c.
2, 3
Let c = 344 - -588. List the prime factors of c.
2, 233
Let f = -6564 - -12377. What are the prime factors of f?
5813
Let y(a) = -2*a**3 - 13*a**2 + a - 6. What are the prime factors of y(-9)?
2, 3, 5, 13
Let m = 30 + -30. Let t be (-3)/(-15) + (-69)/(-5). Suppose m*w + t = w. List the prime factors of w.
2, 7
Let g(w) = 1. Let c(m) = m**3 - m**2 - m + 31. Let k(o) = c(o) - 6*g(o). Let p be k(0). Let q = p - 17. What are the prime factors of q?
2
Let a(n) = -n**2 - 23*n + 2072. List the prime factors of a(0).
2, 7, 37
Suppose 0*y = -y + 4. Suppose -y*s = 4*b - 264, 3*s - 2*s = -4. What are the prime factors of b?
2, 5, 7
Let i(x) = x**2 - 6*x - 28. List the prime factors of i(25).
3, 149
Let k(g) = 854*g**2 + 62*g - 122. List the prime factors of k(2).
2, 1709
List the prime factors of (-56)/3*513/(-114).
2, 3, 7
Suppose -6*w - 3 = -7*w. Let g = w - -26. Let z = -4 + g. List the prime factors of z.
5
Let t be 10*6*(-4)/(-30). Suppose t = -4*n, a = -2*a - 4*n + 193. What are the prime factors of a?
67
List the prime factors of 7*(875/49 + 7).
2, 3, 29
Let x(h) = 2*h**3 - 115*h**2 + 115*h + 66. What are the prime factors of x(57)?
2, 3, 281
Let c be 3/(-4 - -3) - -101. Let m = 133 + c. List the prime factors of (0 + -2)/((-14)/m).
3, 11
Suppose -10*n + 5*n = -25. Suppose 3*y + n*t = 751, 5*y - 2*y - 3*t = 783. What are the prime factors of y?
257
Let g = 185 + -172. List the prime factors of g.
13
Suppose -3124 = -4*p + 2*s, 4*p - s - 3136 = -2*s. List the prime factors of p.
3, 29
Let t be (10/4)/((-11)/(-22)). Let h(i) = -8*i**3 + i**2 + i. Let l be h(-1). Let y = t + l. What are the prime factors of y?
13
Suppose -4*u = -3*a + 1993, -2*a - 1 = 9. Let b = -245 - u. What are the prime factors of b?
257
Suppose 36*t + 2*h = 34*t + 1258, 5*t - 3137 = 3*h. List the prime factors of t.
2, 157
What are the prime factors of -1*(16/136 + (-7284)/68)?
107
Let m = 1306 + -776. What are the prime factors of m?
2, 5, 53
Let j be ((8/(-6))/4)/((-6)/108). Suppose -4*a = -66 - j. List the prime factors of a.
2, 3
Suppose -20*m - 491 = -13831. What are the prime factors of m?
23, 29
Suppose 0 = 3*i + 11 - 11. Suppose -3*j - 5*h + 423 = i, 320 - 988 = -5*j + 4*h. List the prime factors of j.
2, 17
Let l(g) = -4*g**3 - 11*g**2 - 12*g - 5. Let q be l(-8). Suppose 9*x - 1481 = q. List the prime factors of x.
2, 3
Let t be (3 - 15/3) + 2. Suppose t*f - 10 = n - 4*f, f = 2*n - 1. Suppose -q - n*q = -75. What are the prime factors of q?
5
Let h(k) = 7*k**3 - 7*k**2 - 12*k - 1. Let q(r) = r**3 + r**2 + 1. Let j(w) = h(w) - 6*q(w). List the prime factors of j(14).
3, 7
Let n be 15*(2 + 0)/6. Let j = -2 + n. Suppose 0*l = j*l - 36. What are the prime factors of l?
2, 3
Suppose -2*i + 541 = -3*g, 2*g - 684 = -2*i - 118. List the prime factors of i.
2, 139
Let q(y) = y**3 + 17*y**2 - 121*y - 2. List the prime factors of q(-17).
3, 5, 137
Let s = -40 + 41. List the prime factors of s - ((-489)/15 - 12/(-20)).
3, 11
Let j = 339 +